 greatest common factor of 33 and q.
33
Let q be (-2)/4 + (-129)/6. Let c = -8 + q. Let o be (-4)/6*(c - 6). What is the greatest common factor of 8 and o?
8
Let s(t) = 5*t**3 - t**2 - t + 1. Let d be s(1). Suppose 21 = 3*i + f - d*f, -38 = -4*i - f. Calculate the highest common divisor of i and 9.
9
Suppose 2*g = 4*g. Suppose g*v = -3*v + 45. Suppose d + 2*a + 0*a = -1, a = -3. What is the greatest common factor of v and d?
5
Let x(u) = -2*u**3. Let s be x(-2). What is the greatest common factor of s and 80?
16
Suppose -n = -5*n + 16, n = -h + 16. Let y(p) = -133*p - 1. Let r be y(-1). Calculate the greatest common factor of h and r.
12
Suppose -4*b + 7*f - 2*f + 97 = 0, 2*b + f - 31 = 0. Suppose -13*m = -20*m + 63. What is the highest common factor of m and b?
9
Suppose 5*l = 4*s - 9*s + 130, s + 2*l - 28 = 0. What is the highest common factor of s and 16?
8
Let l(p) = p - 1. Let x(b) = -5*b + 2. Let o(q) = -6*l(q) - x(q). Let t be o(4). Suppose t*c - 6 = -c. Calculate the greatest common divisor of 12 and c.
6
Suppose 4*q + 4*b - 644 = 0, -q - 3*b + 151 = -4*b. Calculate the greatest common divisor of 39 and q.
39
Suppose 0 = -2*d + 4*k + 24, -d - 4*k + 1 = 13. Calculate the greatest common divisor of 20 and d.
4
Suppose 15*s + 182 = 17*s. What is the greatest common factor of s and 13?
13
Let a(z) = -z**3 - z + 40. Let f be a(0). What is the greatest common factor of f and 60?
20
Suppose 4 = 2*u + 2*u. Let v(f) = 2*f. Let n be v(u). Suppose 101 = n*z + d, -d = -3*z - 4*d + 147. Calculate the highest common factor of 78 and z.
26
Let b = 8 + -3. What is the greatest common factor of 15 and b?
5
Suppose 4 = 2*b - 4. Let h(o) = 2*o**2 - 2. Let f be h(2). Calculate the highest common factor of f and b.
2
Suppose 3*j + 3*q - 2*q = 32, -5*j + 4*q + 25 = 0. What is the greatest common divisor of j and 225?
9
Let n(m) = 2*m - 3. Let j be n(2). What is the highest common factor of 1 and j?
1
Let n = -19 + 21. Calculate the highest common divisor of 2 and n.
2
Suppose 3*v = -6, -3*a + 4*a + 2*v = 0. Let i be -42*(-2 + (-10)/(-4)). Let n be -6*(i/(-9) + -3). What is the highest common factor of a and n?
4
Let o(i) = -5*i - 1. Let d be o(-7). Let s = d + -8. What is the greatest common factor of 13 and s?
13
Let o be -60*(-3*2/(-18) + -1). What is the greatest common factor of o and 24?
8
Let z = -1 - -4. What is the greatest common divisor of z and 3?
3
Suppose 4*p - 2*p = 2. Let f be p - (1 + -10 + -1). Suppose 0 = -0*b + 4*b - 8, 0 = -2*h + 5*b + 144. What is the highest common factor of h and f?
11
Suppose -190 = -5*d - 5*t, -11 = 5*t + 9. Calculate the greatest common factor of d and 21.
21
Suppose 2*k + 1 = 7. Suppose -2*t - 18 = 3*c - 164, -3 = -k*t. What is the greatest common factor of 16 and c?
16
Let b = 23 + 1. What is the highest common divisor of 168 and b?
24
Let d(q) = q**3 + 2*q**2 - 2*q + 3. Let f be d(2). Suppose -3*h + 4*h = f. What is the highest common factor of h and 15?
15
Let y be 4/5*(-20)/8. Let k be -60*(y + (-2)/(-4)). Calculate the highest common divisor of 10 and k.
10
Let r = -22 - -31. Suppose -3*a - 1 = -u, 3*u + 3*a - 3 = -0. Let i be 8 + u*(-3)/(-3). What is the highest common factor of r and i?
9
Let y be (-8)/(-3 + 11/4). Suppose -f = f - y. What is the greatest common factor of f and 128?
16
Let t = 18 - 9. Let p be 2/t - 70/(-9). Calculate the greatest common divisor of 56 and p.
8
Suppose -4*y + 0*y - 2*z + 174 = 0, 2*z - 6 = 0. Let r = 3 + -1. Suppose 28 = 4*n + 4*b, n + 5*b - 9 = r. What is the highest common divisor of n and y?
6
Suppose 0 = 5*b + t - 42, 0*b + 2*t = 2*b - 24. Calculate the highest common factor of b and 9.
9
Let g be ((-69)/9 + 0)*-33. Suppose -4 = 3*s + f + 4*f, -4*s + 23 = f. Suppose -2*k = -s*k + 115. Calculate the highest common factor of g and k.
23
Suppose 0 = -w + 2*t - 7, -2*w = -w + 5*t - 28. Suppose 0 = -5*c - 10, 6*f - c = w*f + 8. Let x be (2/2)/(f/24). What is the highest common divisor of 12 and x?
12
Let a be (1/(-2))/(1*(-1)/78). Calculate the greatest common divisor of 312 and a.
39
Suppose 5*g = -10, -3*y = -4*y - g + 33. What is the highest common factor of 315 and y?
35
Suppose -o + 5 = 1. Calculate the highest common factor of o and 1.
1
Let v = 20 - 17. What is the greatest common factor of v and 2?
1
Let j be (-12)/(-32)*-2*-16. What is the greatest common factor of 72 and j?
12
Let m be (10/20)/((-2)/4) - -6. Calculate the greatest common divisor of m and 25.
5
Let v be 2/(-4) + (-15)/10. Let a = v + 4. Let s = -36 - -58. What is the greatest common factor of a and s?
2
Suppose 0 = -4*n - 2*v + 124, -5*v - 52 - 58 = -4*n. Let s = 115 + -109. What is the highest common divisor of n and s?
6
Let s(y) be the first derivative of -7*y**2/2 + y - 1. Let g be s(-3). What is the greatest common factor of 176 and g?
22
Let r be 2/(-2 + 12/5). Let s(q) = -q**3 + 6*q**2 - 3. Let k be s(r). What is the greatest common factor of k and 2?
2
Let d(r) = -2*r + 10. Let m = 10 - 7. Let b(h) = h**2 - 5*h - 2. Let u be b(m). Let q be d(u). What is the highest common divisor of 13 and q?
13
Let g(x) = x**3 - 11*x**2 - 5*x - 7. Let h be g(12). Suppose 0 = 3*u - 3, 3*d - 2*u = 2*u - 130. Let n = d + h. What is the highest common factor of n and 5?
5
Let z(n) = 3*n. Let v be z(1). Suppose 2*l - 28 = u + 23, 0 = 4*l + v*u - 77. Calculate the greatest common divisor of 115 and l.
23
Let u be 2 + ((-22)/(-2) - -1). What is the greatest common factor of u and 7?
7
Let h(d) = -76*d + 2. Let v be h(4). Let k = v - -430. What is the highest common factor of k and 16?
16
Let l(j) = -5*j. Let s be l(-1). Suppose 3*p - 27 = s*f, -5*p + 5*f + 29 = -26. Calculate the greatest common factor of p and 14.
14
Let p be 3/((-4)/(-3) - 1). Let l = 233 + -161. What is the greatest common divisor of l and p?
9
Let l be 1/((-3)/(-3))*1. Calculate the highest common divisor of l and 1.
1
Suppose 0 = f + 5, 12 = -k - 3*f + 1. Let o = 24 + k. Suppose 2*t = 6*t - o. Calculate the highest common factor of 7 and t.
7
Suppose -4*w - 4*i - 12 = 0, -4*i - i - 29 = -2*w. Suppose y = -y + 28. Calculate the highest common divisor of w and y.
2
Suppose 0 = 5*q + q - 24. What is the highest common divisor of q and 4?
4
Let p(a) = 8*a - 4. Let o(l) = -l + 1. Let y(x) = -5*o(x) - p(x). Let z be y(-11). What is the greatest common divisor of 4 and z?
4
Let x(p) = -p**2 - 11*p + 2. Let q be x(-7). What is the greatest common factor of 240 and q?
30
Let o be 62/(-4)*(0 + -26). Let b = o - 286. What is the greatest common factor of b and 13?
13
Let z(f) = 9*f**2 - 1. Let a be z(-1). Calculate the greatest common factor of a and 72.
8
Let h = 18 + -11. Let o(s) = -s**2 + 8*s - 5. Let m be o(h). Let v = 36 - 20. Calculate the greatest common factor of m and v.
2
Suppose -z = 4*x - 47, 3*z + 3*x = -x + 109. Calculate the greatest common factor of 248 and z.
31
Let u(i) = 55*i**2 - 1. Let t be u(-1). What is the highest common factor of 9 and t?
9
Let o(v) = -9*v. Let w be o(-1). Suppose 0 = -6*z + 8*z - 36. What is the greatest common factor of z and w?
9
Let v be 618/(-30) + (-6)/(-10). Let u be 8/v + 177/5. What is the greatest common divisor of u and 7?
7
Suppose 121 = 4*v - 663. Calculate the highest common divisor of 28 and v.
28
Let m = -173 - -250. Let c(w) = 2*w - 3. Let j be c(3). Let k be 2 - (-9)/(j/3). Calculate the greatest common factor of m and k.
11
Suppose 0*z + 2 = 2*z - h, 2*h = 3*z - 3. What is the highest common factor of 1 and z?
1
Let m = -36 + 69. What is the greatest common factor of 22 and m?
11
Suppose 5*y = f + y - 4, y + 22 = 2*f. Suppose 4*w - 20 = -w. Calculate the highest common divisor of f and w.
4
Let b(t) be the second derivative of t**5/20 + 3*t**4/4 - t**3/2 + 3*t**2/2 - 6*t. Let p be b(-9). What is the greatest common factor of 5 and p?
5
Let q(k) = -k**3 + 7*k**2 - 4*k + 7. Let m be q(6). What is the greatest common factor of m and 1?
1
Suppose -w + 3*w = 0. Suppose w = 2*t - 22 - 38. What is the highest common divisor of t and 15?
15
Let s = -35 - -61. Calculate the greatest common factor of s and 39.
13
Suppose -3*t = t + 20. Let s = t + 8. Suppose 27 = -s*y + 4*y. What is the highest common factor of y and 9?
9
Let o(v) = -8*v + 2*v**2 + 4 - 2 - v**2. Let w be o(8). Suppose 10 = -w*d, -5